{"id":131173,"date":"2024-04-17T13:46:29","date_gmt":"2024-04-17T13:46:29","guid":{"rendered":"https:\/\/asmallergiabimbi.h7-25.it\/?page_id=131173"},"modified":"2024-05-02T14:24:03","modified_gmt":"2024-05-02T14:24:03","slug":"dermatite-atopica","status":"publish","type":"page","link":"https:\/\/asmallergiabimbi.h7-25.it\/?page_id=131173","title":{"rendered":"Dermatite atopica"},"content":{"rendered":"<p>[vc_row row_height_percent=&#8221;0&#8243; override_padding=&#8221;yes&#8221; h_padding=&#8221;2&#8243; top_padding=&#8221;0&#8243; bottom_padding=&#8221;4&#8243; overlay_alpha=&#8221;50&#8243; gutter_size=&#8221;3&#8243; column_width_percent=&#8221;100&#8243; shift_y=&#8221;0&#8243; z_index=&#8221;0&#8243; uncode_shortcode_id=&#8221;313321&#8243; shape_dividers=&#8221;&#8221;][vc_column column_width_use_pixel=&#8221;yes&#8221; gutter_size=&#8221;2&#8243; font_family=&#8221;font-165032&#8243; overlay_alpha=&#8221;50&#8243; shift_x=&#8221;0&#8243; shift_y=&#8221;0&#8243; shift_y_down=&#8221;0&#8243; z_index=&#8221;0&#8243; medium_width=&#8221;0&#8243; align_mobile=&#8221;align_center_mobile&#8221; mobile_width=&#8221;0&#8243; width=&#8221;1\/3&#8243; column_width_pixel=&#8221;800&#8243; uncode_shortcode_id=&#8221;123027&#8243;][vc_single_image media=&#8221;131741&#8243; media_width_percent=&#8221;100&#8243; uncode_shortcode_id=&#8221;181176&#8243;][\/vc_column][vc_column width=&#8221;2\/3&#8243;][vc_column_text text_lead=&#8221;yes&#8221; uncode_shortcode_id=&#8221;113841&#8243;]La dermatite atopica, detto anche eczema atopico, \u00e8 la pi\u00f9 frequente patologia cutanea dell\u2019infanzia. La malattia ha un carattere cronico \/ ricorrente, con sedi di localizzazione tipiche , sempre associata ad intenso prurito. Per questi aspetti rappresenta una condizione molto disturbante non solo per il bambino, ma anche per l\u2019intero nucleo familiare.<br \/>\nNe deriva che \u00e8 opportuno trattare precocemente e costantemente le lesioni infiammatorie e la terapia necessaria, in prima istanza, \u00e8 costituita dai corticosteroidi topici. Emollienti ed idratanti sono il presidio base nella gestione della dermatite atopica in fase di controllo, tuttavia essi non risultano efficaci se l\u2019infiammazione cutanea \u00e8 rilevante.<br \/>\nI corticosteroidi topici sono costituiti da un numero notevole di preparati, con diversa potenza di azione: da preparati poco potenti a quelli decisamente potenti; i medici che si occupano di dermatite atopica \u2013 dermatologi, pediatri allergologi &#8211; ben conoscono le differenze fra un preparato e l\u2019altro, per cui sono in grado di consigliare il prodotto pi\u00f9 opportuno a seconda della sede, della estensione e della gravit\u00e0 della lesione. Utilizzando questi preparati topici in modo corretto gi\u00e0 da diversi anni le segnalazioni di effetti indesiderati legati all\u2019uso di questi corticosteroidi sono pressoch\u00e9 assenti. Se utilizzati correttamente, alle dosi e per i tempi prescritti, gli effetti collaterali dei corticosteroidi topici sono irrisori rispetto ai benefici. L\u2019utilizzo dello steroide ai primi segni di ricaduta \u00e8 a lungo termine una strategia sicura ed efficace nel prevenire le riacutizzazioni delle lesioni e la loro intensit\u00e0. Purtroppo ancora per alcune persone questa terapia non \u00e8 ben accettata perch\u00e9 si ritiene possa determinare effetti indesiderati importanti , specie per l\u2019accrescimento per cui vien fatta in modo incongruo, senza tenere conto delle indicazioni dello specialista. Si parla in questo senso di corticofobia, cio\u00e8 della paura ingiustificata di utilizzare un preparato corticosteroideo. La corticofobia rappresenta la causa pi\u00f9 importante del cattivo, o comunque sub-ottimale, trattamento della dermatite atopica. Per questo \u00e8 importante educare i genitori al corretto utilizzo dei corticosteroidi topici, inserendo questo tempo educazionale entro il percorso che si rende necessario per illustrare e, conseguentemente meglio controllare, una malattia come la dermatite atopica che ha comunque un carattere recidivante. Questo aspetto educativo \u00e8 quindi opportuno per evitare di diffondere la cosiddetta corticofobia e garantire al bambino un approccio terapeutico migliore. Da diversi anni questo aspetto corticofobico \u00e8 stato rilevato nelle pubblicazioni scientifiche ma ancora non si \u00e8 riusciti a avere una risposta soddisfacente.<br \/>\nBibliografia Boussault et al.<br \/>\nAllergy 2007;62:1251. Hong et al. Pediatr Dermatol 2011;28: 396.<br \/>\nMaiello et al. RIAP 2011;25(5):2.[www.riap.it].[\/vc_column_text][\/vc_column][\/vc_row]<\/p>\n","protected":false},"excerpt":{"rendered":"<p>Dermatite atopica &#038; corticofobia<\/p>\n","protected":false},"author":1,"featured_media":131740,"parent":0,"menu_order":0,"comment_status":"closed","ping_status":"closed","template":"","meta":{"site-sidebar-layout":"default","site-content-layout":"","ast-site-content-layout":"default","site-content-style":"default","site-sidebar-style":"default","ast-global-header-display":"","ast-banner-title-visibility":"","ast-main-header-display":"","ast-hfb-above-header-display":"","ast-hfb-below-header-display":"","ast-hfb-mobile-header-display":"","site-post-title":"","ast-breadcrumbs-content":"","ast-featured-img":"","footer-sml-layout":"","ast-disable-related-posts":"","theme-transparent-header-meta":"","adv-header-id-meta":"","stick-header-meta":"","header-above-stick-meta":"","header-main-stick-meta":"","header-below-stick-meta":"","astra-migrate-meta-layouts":"default","ast-page-background-enabled":"default","ast-page-background-meta":{"desktop":{"background-color":"var(--ast-global-color-5)","background-image":"","background-repeat":"repeat","background-position":"center center","background-size":"auto","background-attachment":"scroll","background-type":"","background-media":"","overlay-type":"","overlay-color":"","overlay-opacity":"","overlay-gradient":""},"tablet":{"background-color":"","background-image":"","background-repeat":"repeat","background-position":"center center","background-size":"auto","background-attachment":"scroll","background-type":"","background-media":"","overlay-type":"","overlay-color":"","overlay-opacity":"","overlay-gradient":""},"mobile":{"background-color":"","background-image":"","background-repeat":"repeat","background-position":"center center","background-size":"auto","background-attachment":"scroll","background-type":"","background-media":"","overlay-type":"","overlay-color":"","overlay-opacity":"","overlay-gradient":""}},"ast-content-background-meta":{"desktop":{"background-color":"var(--ast-global-color-4)","background-image":"","background-repeat":"repeat","background-position":"center center","background-size":"auto","background-attachment":"scroll","background-type":"","background-media":"","overlay-type":"","overlay-color":"","overlay-opacity":"","overlay-gradient":""},"tablet":{"background-color":"var(--ast-global-color-4)","background-image":"","background-repeat":"repeat","background-position":"center center","background-size":"auto","background-attachment":"scroll","background-type":"","background-media":"","overlay-type":"","overlay-color":"","overlay-opacity":"","overlay-gradient":""},"mobile":{"background-color":"var(--ast-global-color-4)","background-image":"","background-repeat":"repeat","background-position":"center center","background-size":"auto","background-attachment":"scroll","background-type":"","background-media":"","overlay-type":"","overlay-color":"","overlay-opacity":"","overlay-gradient":""}},"footnotes":""},"class_list":["post-131173","page","type-page","status-publish","has-post-thumbnail","hentry"],"_links":{"self":[{"href":"https:\/\/asmallergiabimbi.h7-25.it\/index.php?rest_route=\/wp\/v2\/pages\/131173","targetHints":{"allow":["GET"]}}],"collection":[{"href":"https:\/\/asmallergiabimbi.h7-25.it\/index.php?rest_route=\/wp\/v2\/pages"}],"about":[{"href":"https:\/\/asmallergiabimbi.h7-25.it\/index.php?rest_route=\/wp\/v2\/types\/page"}],"author":[{"embeddable":true,"href":"https:\/\/asmallergiabimbi.h7-25.it\/index.php?rest_route=\/wp\/v2\/users\/1"}],"replies":[{"embeddable":true,"href":"https:\/\/asmallergiabimbi.h7-25.it\/index.php?rest_route=%2Fwp%2Fv2%2Fcomments&post=131173"}],"version-history":[{"count":4,"href":"https:\/\/asmallergiabimbi.h7-25.it\/index.php?rest_route=\/wp\/v2\/pages\/131173\/revisions"}],"predecessor-version":[{"id":131742,"href":"https:\/\/asmallergiabimbi.h7-25.it\/index.php?rest_route=\/wp\/v2\/pages\/131173\/revisions\/131742"}],"wp:featuredmedia":[{"embeddable":true,"href":"https:\/\/asmallergiabimbi.h7-25.it\/index.php?rest_route=\/wp\/v2\/media\/131740"}],"wp:attachment":[{"href":"https:\/\/asmallergiabimbi.h7-25.it\/index.php?rest_route=%2Fwp%2Fv2%2Fmedia&parent=131173"}],"curies":[{"name":"wp","href":"https:\/\/api.w.org\/{rel}","templated":true}]}}

<p>[vc_row row_height_percent=&#8221;0&#8243; override_padding=&#8221;yes&#8221; h_padding=&#8221;2&#8243; top_padding=&#8221;0&#8243; bottom_padding=&#8221;4&#8243; overlay_alpha=&#8221;50&#8243; gutter_size=&#8221;3&#8243; column_width_percent=&#8221;100&#8243; shift_y=&#8221;0&#8243; z_index=&#8221;0&#8243; uncode_shortcode_id=&#8221;313321&#8243; shape_dividers=&#8221;&#8221;][vc_column column_width_use_pixel=&#8221;yes&#8221; gutter_size=&#8221;2&#8243; font_family=&#8221;font-165032&#8243; overlay_alpha=&#8221;50&#8243; shift_x=&#8221;0&#8243; shift_y=&#8221;0&#8243; shift_y_down=&#8221;0&#8243; z_index=&#8221;0&#8243; medium_width=&#8221;0&#8243; align_mobile=&#8221;align_center_mobile&#8221; mobile_width=&#8221;0&#8243; width=&#8221;1/3&#8243; column_width_pixel=&#8221;800&#8243; uncode_shortcode_id=&#8221;123027&#8243;][vc_single_image media=&#8221;131741&#8243; media_width_percent=&#8221;100&#8243; uncode_shortcode_id=&#8221;181176&#8243;][/vc_column][vc_column width=&#8221;2/3&#8243;][vc_column_text text_lead=&#8221;yes&#8221; uncode_shortcode_id=&#8221;113841&#8243;]La dermatite atopica, detto anche eczema atopico, è la più frequente patologia cutanea dell’infanzia. La malattia ha un carattere cronico / ricorrente, con sedi di localizzazione tipiche , sempre associata ad intenso prurito. Per questi aspetti rappresenta una condizione molto disturbante non solo per il bambino, ma anche per l’intero nucleo familiare.<br />
Ne deriva che è opportuno trattare precocemente e costantemente le lesioni infiammatorie e la terapia necessaria, in prima istanza, è costituita dai corticosteroidi topici. Emollienti ed idratanti sono il presidio base nella gestione della dermatite atopica in fase di controllo, tuttavia essi non risultano efficaci se l’infiammazione cutanea è rilevante.<br />
I corticosteroidi topici sono costituiti da un numero notevole di preparati, con diversa potenza di azione: da preparati poco potenti a quelli decisamente potenti; i medici che si occupano di dermatite atopica – dermatologi, pediatri allergologi &#8211; ben conoscono le differenze fra un preparato e l’altro, per cui sono in grado di consigliare il prodotto più opportuno a seconda della sede, della estensione e della gravità della lesione. Utilizzando questi preparati topici in modo corretto già da diversi anni le segnalazioni di effetti indesiderati legati all’uso di questi corticosteroidi sono pressoché assenti. Se utilizzati correttamente, alle dosi e per i tempi prescritti, gli effetti collaterali dei corticosteroidi topici sono irrisori rispetto ai benefici. L’utilizzo dello steroide ai primi segni di ricaduta è a lungo termine una strategia sicura ed efficace nel prevenire le riacutizzazioni delle lesioni e la loro intensità. Purtroppo ancora per alcune persone questa terapia non è ben accettata perché si ritiene possa determinare effetti indesiderati importanti , specie per l’accrescimento per cui vien fatta in modo incongruo, senza tenere conto delle indicazioni dello specialista. Si parla in questo senso di corticofobia, cioè della paura ingiustificata di utilizzare un preparato corticosteroideo. La corticofobia rappresenta la causa più importante del cattivo, o comunque sub-ottimale, trattamento della dermatite atopica. Per questo è importante educare i genitori al corretto utilizzo dei corticosteroidi topici, inserendo questo tempo educazionale entro il percorso che si rende necessario per illustrare e, conseguentemente meglio controllare, una malattia come la dermatite atopica che ha comunque un carattere recidivante. Questo aspetto educativo è quindi opportuno per evitare di diffondere la cosiddetta corticofobia e garantire al bambino un approccio terapeutico migliore. Da diversi anni questo aspetto corticofobico è stato rilevato nelle pubblicazioni scientifiche ma ancora non si è riusciti a avere una risposta soddisfacente.<br />
Bibliografia Boussault et al.<br />
Allergy 2007;62:1251. Hong et al. Pediatr Dermatol 2011;28: 396.<br />
Maiello et al. RIAP 2011;25(5):2.[www.riap.it].[/vc_column_text][/vc_column][/vc_row]</p>
